{"id":26,"date":"2019-10-11T16:03:42","date_gmt":"2019-10-11T16:03:42","guid":{"rendered":"http:\/\/iancushing.de\/?page_id=26"},"modified":"2025-04-13T17:13:48","modified_gmt":"2025-04-13T15:13:48","slug":"about-me","status":"publish","type":"page","link":"https:\/\/iancushing.de\/?page_id=26","title":{"rendered":"About me"},"content":{"rendered":"\n<p>Ian Cushing, geboren 1975, lebt seit Jahrzehnten im beschaulichen S\u00fcdniedersachsen.<\/p>\n\n\n\n<p>2017 ver\u00f6ffentlicht er \u00bb<a href=\"https:\/\/iancushing.de\/?p=78\" data-type=\"link\" data-id=\"https:\/\/iancushing.de\/?p=78\" target=\"_blank\" rel=\"noreferrer noopener\">F\u00fcnf Minuten<\/a>\u00ab, was von einem Rezensenten treffend als Experiment bezeichnet wird. Aus diesem Experiment heraus entsteht \u00bb<a href=\"https:\/\/iancushing.de\/?p=73\" data-type=\"link\" data-id=\"https:\/\/iancushing.de\/?p=73\" target=\"_blank\" rel=\"noreferrer noopener\">In Ewigkeit<\/a>\u00ab (2018), in dem sich Phantastik und Philosophie ohne Ber\u00fchrungs\u00e4ngste vermischen. Im August 2024 erscheint eine \u00fcberarbeitete Neuauflage seines Buches \u00bbIn Ewigkeit\u00ab.<\/p>\n\n\n\n<p>Den phantastischen Horror-Roman \u00bb<a href=\"https:\/\/iancushing.de\/?p=53\" data-type=\"link\" data-id=\"https:\/\/iancushing.de\/?p=53\" target=\"_blank\" rel=\"noreferrer noopener\">Die Tr\u00e4ne der Zauberschen<\/a>\u00ab ver\u00f6ffentlicht er im August 2019. Die Reaktionen auf \u00bbDie Tr\u00e4ne der Zauberschen\u00ab sind durchweg positiv und der Zuspruch erreicht seinen H\u00f6hepunkt, als der Roman auf die Shortlist des Skoutz-Awards 2020 in der Kategorie Horror gew\u00e4hlt wird.<\/p>\n\n\n\n<p>Im M\u00e4rz 2020 wird seine Kurzgeschichte \u203a<a href=\"https:\/\/iancushing.de\/?p=636\" data-type=\"link\" data-id=\"https:\/\/iancushing.de\/?p=636\" target=\"_blank\" rel=\"noreferrer noopener\">Der Erl\u00f6ser<\/a>\u2039 in der Anthologie \u00bbZombie Zone Germany: Der Beginn\u00ab durch den Amr\u00fbn Verlag ver\u00f6ffentlicht.<\/p>\n\n\n\n<p>Ein weiterer Traum des Autors geht bereits vier Monate sp\u00e4ter in Erf\u00fcllung, als er seine eigene Anthologie \u00bb<a href=\"https:\/\/iancushing.de\/?p=794\" data-type=\"link\" data-id=\"https:\/\/iancushing.de\/?p=794\" target=\"_blank\" rel=\"noreferrer noopener\">Absorption<\/a>\u00ab ver\u00f6ffentlicht, in der Gef\u00fchle, \u00c4ngste, Beobachtungen oder abstrakte Ideen zu dreizehn melancholischen, humorvollen, aber gleichzeitig spannenden und phantastischen Geschichten verarbeitet werden.<\/p>\n\n\n\n<p>Ian Cushing geht anschlie\u00dfend in Z\u00e4sur und reflektiert seine Erlebnisse und Erfahrungen aus den vergangenen Jahren. Das Ergebnis ist eine R\u00fcckkehr zu den Wurzeln seiner eigenen Erwartungen und W\u00fcnsche, was die Gestaltung seines n\u00e4chsten Werkes und das Selfpublishing-Business angeht. Anstatt dem H\u00f6her-Schneller-Weiter-Denken zu verfallen, entscheidet er sich bewusst f\u00fcr einen anderen Weg. \u00bbSchreiben f\u00fcr mich und Freunde\u00ab ist das Credo, welches ihn antreibt.<\/p>\n\n\n\n<p>Sein Buch \u00bb<a href=\"https:\/\/iancushing.de\/?p=4247\" data-type=\"link\" data-id=\"https:\/\/iancushing.de\/?p=4247\" target=\"_blank\" rel=\"noreferrer noopener\">Mission: Lichtbringer<\/a>\u00ab erscheint im Oktober 2022 als auf 33 Exemplare limitierter Privatdruck mit leinengebundenem Hardcover und Titelpr\u00e4gung und ist binnen vier Wochen ausverkauft. Im Dezember 2023 wird \u00bbMission: Lichtbringer\u00ab als Taschenbuch ver\u00f6ffentlicht.<\/p>\n\n\n\n<p>\u00bbDer letzte gute Tag\u00ab lautet der Titel seines sechsten Romans, der im Fr\u00fchjahr 2025 erscheint. Eine dystopische Erz\u00e4hlung, die die Sorgen und \u00c4ngste der Gegenwart in eine nahe Zukunft projiziert.<\/p>\n\n\n\n<p>Zu seinen Lieblingsautoren und Inspirationen z\u00e4hlen u. a. Stephen King, H. P. Lovecraft, Charles Bukowski, Haruki Murakami, aber auch Hermann Hesse, Dino Buzzati, Albert Camus oder Jean-Paul Sartre.<\/p>\n\n\n\n<p>Seine Taschenb\u00fccher sind \u00fcberall erh\u00e4ltlich, wo es B\u00fccher gibt. Die eBooks sind exklusiv bei Amazon erschienen und ebenfalls im Kindle-Unlimited-Abo enthalten.<\/p>\n\n\n\n<p>Weitere Informationen zum Autor und seinen B\u00fcchern findet man auf seiner Homepage.<\/p>\n\n\n\n<p><a href=\"http:\/\/www.IanCushing.de\" data-type=\"link\" data-id=\"www.IanCushing.de\" target=\"_blank\" rel=\"noreferrer noopener\">Homepage<\/a><br><a href=\"https:\/\/facebook.com\/Ian.Cushing.Official\" target=\"_blank\" rel=\"noreferrer noopener\">Facebook<\/a><br><a href=\"https:\/\/www.instagram.com\/Cushing.Ian\" data-type=\"link\" data-id=\"https:\/\/www.instagram.com\/Cushing.Ian\" target=\"_blank\" rel=\"noreferrer noopener\">Instagram<\/a><\/p>\n\n\n\n<p><strong>Bisher von Ian Cushing erschienen:<\/strong><br><strong>F\u00fcnf Minuten<\/strong> (2017, out of print)<br><strong>In Ewigkeit<\/strong> (2018 \/ 2024)<br><strong>Die Tr\u00e4ne der Zauberschen<\/strong> (2019)<br>Zombie Zone Germany: Der Beginn (Kurzgeschichte <strong>\u00bbDer Erl\u00f6ser\u00ab<\/strong>, Amr\u00fbn Verlag, 2020)<br><strong>Absorption<\/strong> (2020)<br><strong>Mission: Lichtbringer<\/strong> (2022)<br><strong>Der letzte gute Tag<\/strong> (2025)<\/p>\n\n\n\n<figure class=\"wp-block-image size-large\"><img loading=\"lazy\" decoding=\"async\" width=\"683\" height=\"1024\" src=\"https:\/\/iancushing.de\/wp-content\/uploads\/2020\/02\/05-Ian-Cushing-2020-1800x1200-1-683x1024.jpg\" alt=\"\" class=\"wp-image-614\" srcset=\"https:\/\/iancushing.de\/wp-content\/uploads\/2020\/02\/05-Ian-Cushing-2020-1800x1200-1-683x1024.jpg 683w, https:\/\/iancushing.de\/wp-content\/uploads\/2020\/02\/05-Ian-Cushing-2020-1800x1200-1-200x300.jpg 200w, https:\/\/iancushing.de\/wp-content\/uploads\/2020\/02\/05-Ian-Cushing-2020-1800x1200-1-768x1152.jpg 768w, https:\/\/iancushing.de\/wp-content\/uploads\/2020\/02\/05-Ian-Cushing-2020-1800x1200-1-1024x1536.jpg 1024w, https:\/\/iancushing.de\/wp-content\/uploads\/2020\/02\/05-Ian-Cushing-2020-1800x1200-1-140x210.jpg 140w, https:\/\/iancushing.de\/wp-content\/uploads\/2020\/02\/05-Ian-Cushing-2020-1800x1200-1.jpg 1200w\" sizes=\"auto, (max-width: 683px) 100vw, 683px\" \/><figcaption class=\"wp-element-caption\">Ian Cushing 2020<\/figcaption><\/figure>\n\n\n\n<figure class=\"wp-block-image\"><img loading=\"lazy\" decoding=\"async\" width=\"683\" height=\"1024\" src=\"https:\/\/iancushing.de\/wp-content\/uploads\/2019\/10\/Ian-Cushing-1200x800-683x1024.jpg\" alt=\"\" class=\"wp-image-18\" srcset=\"https:\/\/iancushing.de\/wp-content\/uploads\/2019\/10\/Ian-Cushing-1200x800-683x1024.jpg 683w, https:\/\/iancushing.de\/wp-content\/uploads\/2019\/10\/Ian-Cushing-1200x800-200x300.jpg 200w, https:\/\/iancushing.de\/wp-content\/uploads\/2019\/10\/Ian-Cushing-1200x800-768x1152.jpg 768w, https:\/\/iancushing.de\/wp-content\/uploads\/2019\/10\/Ian-Cushing-1200x800.jpg 800w\" sizes=\"auto, (max-width: 683px) 100vw, 683px\" \/><figcaption class=\"wp-element-caption\">Ian Cushing 2018<\/figcaption><\/figure>\n\n\n\n<p><\/p>\n","protected":false},"excerpt":{"rendered":"<p>Ian Cushing, geboren 1975, lebt seit Jahrzehnten im beschaulichen S\u00fcdniedersachsen. 2017 ver\u00f6ffentlicht er \u00bbF\u00fcnf Minuten\u00ab, was von einem Rezensenten treffend als Experiment bezeichnet wird. Aus diesem Experiment heraus entsteht \u00bbIn Ewigkeit\u00ab (2018), in dem sich Phantastik und Philosophie ohne Ber\u00fchrungs\u00e4ngste vermischen. Im August 2024 erscheint eine \u00fcberarbeitete Neuauflage seines Buches \u00bbIn Ewigkeit\u00ab. Den phantastischen Horror-Roman [&hellip;]<\/p>\n","protected":false},"author":1,"featured_media":0,"parent":0,"menu_order":0,"comment_status":"closed","ping_status":"closed","template":"","meta":{"footnotes":""},"class_list":["post-26","page","type-page","status-publish","hentry"],"_links":{"self":[{"href":"https:\/\/iancushing.de\/index.php?rest_route=\/wp\/v2\/pages\/26","targetHints":{"allow":["GET"]}}],"collection":[{"href":"https:\/\/iancushing.de\/index.php?rest_route=\/wp\/v2\/pages"}],"about":[{"href":"https:\/\/iancushing.de\/index.php?rest_route=\/wp\/v2\/types\/page"}],"author":[{"embeddable":true,"href":"https:\/\/iancushing.de\/index.php?rest_route=\/wp\/v2\/users\/1"}],"replies":[{"embeddable":true,"href":"https:\/\/iancushing.de\/index.php?rest_route=%2Fwp%2Fv2%2Fcomments&post=26"}],"version-history":[{"count":21,"href":"https:\/\/iancushing.de\/index.php?rest_route=\/wp\/v2\/pages\/26\/revisions"}],"predecessor-version":[{"id":5294,"href":"https:\/\/iancushing.de\/index.php?rest_route=\/wp\/v2\/pages\/26\/revisions\/5294"}],"wp:attachment":[{"href":"https:\/\/iancushing.de\/index.php?rest_route=%2Fwp%2Fv2%2Fmedia&parent=26"}],"curies":[{"name":"wp","href":"https:\/\/api.w.org\/{rel}","templated":true}]}}